y(p) = -p**3 - 6*p**2 - p - 2. Calculate y(a).
4
Let u = 186 - 186. Let w(q) = q + 0*q + 5 + 2. Give w(u).
7
Let q(d) = -d + 5. Let p be -1*((-4)/(-2) + -5). Suppose 2*s + p = -7. What is q(s)?
10
Let y be 1*(0 + 10/2). Let a(d) = 6*d - 5. Let c(j) = 3*j - 3. Let r(t) = y*c(t) - 3*a(t). Determine r(-3).
9
Let u(q) = 3 - 2*q - 2 - 5*q + 1. Determine u(-2).
16
Let r(w) = w - 10. Let f(u) = 2*u - 10. Let c(h) = -2*f(h) + 3*r(h). Let p be c(-5). Let a(x) = -x**3 - 4*x**2 + 5*x - 2. Calculate a(p).
-2
Suppose 5*m + 4*o - 67 = 0, 3*o + 24 = m + 2*m. Let x(l) = m + 15*l - 3*l - 4*l - 9*l. Suppose u + 5 = 2*u. Give x(u).
6
Let w(j) be the third derivative of -j**4/24 - 5*j**3/3 + 27*j**2. Calculate w(-9).
-1
Let z(y) = 9*y + 2. Let c(n) = 5*n + 1. Let v(g) = -11*c(g) + 6*z(g). Calculate v(-2).
3
Let z(o) be the second derivative of o**5/20 - o**4/6 - o**3/3 + 7*o. Determine z(3).
3
Let n(m) = -m**2 + 2*m + 2. Let i(z) = 35*z. Let x be i(3). Let p be x/33 - (-2)/(-11). Calculate n(p).
-1
Let c(l) = -l + 17. Let f(j) = j - 1. Let u(h) = c(h) + 3*f(h). Calculate u(-8).
-2
Let g be (-8)/28 + 57/(-21). Let o(w) = -5*w**2 - 9*w + 4. Let u(f) = 6*f**2 + 10*f - 5. Let m(a) = -5*o(a) - 4*u(a). What is m(g)?
-6
Let b(h) be the first derivative of -h**4/4 + 7*h**3/3 - 2*h**2 - 2*h + 3. Determine b(6).
10
Let h be (-1 + (-32)/(-12))*3. Let n(p) = -p**2 + 4*p + 2. Calculate n(h).
-3
Suppose -g - f - 4 = 0, 3*g - 5*f = -0*f - 12. Let d(k) = -k**2 - 5*k - 3. Calculate d(g).
1
Let q(r) = -r**2 - 4*r + 3. Let i be q(-4). Let h(c) = -2 + c**2 + c**2 - 3*c - i*c**2. Let v be (-2 + -1)*(1 + 0). Give h(v).
-2
Let z be -3 - (-7 + 2 + -2). Let f(o) = -5 + 3 + z + 3*o. Determine f(-2).
-4
Let q = -17 - -11. Let l be (-2)/(-3) - (-22)/q. Let b(z) be the second derivative of -z**4/12 - z**3/6 + 2*z**2 + z. What is b(l)?
-2
Let k(g) be the second derivative of g**4/12 - g**3/2 + g**2 - 20*g. Give k(2).
0
Let i(u) be the second derivative of -u**4/6 + 2*u**3/3 + 2*u**2 - 7*u. Determine i(4).
-12
Let b(h) = h**3 + 2*h**2 - 2*h - 3. Let o be -1*(3 + 1/(-1)). What is b(o)?
1
Let b(x) be the second derivative of x**5/20 + 7*x**4/12 + 7*x**3/6 + 5*x**2/2 + 5*x. Calculate b(-6).
-1
Let k(t) = -4*t + 2. Let d(n) = -11*n + 3 - n + 5*n. Let x(s) = 3*d(s) - 5*k(s). Determine x(-4).
3
Let c = 15 - 9. Let f(d) = -d + d + c*d. Calculate f(1).
6
Let a be ((-6)/4)/((-1)/2). Let h(x) be the third derivative of 0*x - 3*x**2 + 1/24*x**4 + 2/3*x**3 + 0. Calculate h(a).
7
Suppose -4*f - 18 - 2 = 0. Let y = f - -5. Suppose d = 3 - y. Let b(j) = j**3 - 3*j**2 + 3. Determine b(d).
3
Let d(c) = c + 7. Let o(w) be the third derivative of w**4/24 + w**3 + 2*w**2. Let f be o(-6). Determine d(f).
7
Let t(k) = -k**3 - k. Let w(o) = -4*o**3 - 8*o + 1. Let s(n) = 6*t(n) - w(n). What is s(-2)?
11
Let b(y) be the first derivative of -y**3/3 - y**2/2 + 7*y + 2. What is b(-5)?
-13
Let d(j) = 5*j**2 - 5*j + 29. Let u(f) = -f**2 + f - 7. Let p(b) = -2*d(b) - 9*u(b). Give p(0).
5
Let i(k) = -4*k - 3. Let d(g) = -g. Let j(x) = 3*d(x) - i(x). Let v be j(-7). Let n(y) = -y**2 - 5*y - 5. Determine n(v).
-1
Let j(c) = c**3 - c**2 - c. Let k(m) = 8*m**3 - 6*m**2 - 5*m. Let p(n) = -4*j(n) + k(n). Suppose 0 = 5*b + 5 - 0. Determine p(b).
-5
Let i(h) = -h**2 + 7*h. Let z(j) be the first derivative of j**2/2 + 2. Let u be 4/(-10) + 88/20. Let y(p) = u*z(p) - i(p). Give y(3).
0
Let c(g) = -g**2 - 9*g - 6. Let o be c(-8). Suppose o*l = y + 7, 0 = -3*y + 2*l - l - 11. Let p(w) be the first derivative of w**2/2 - 2*w + 1. Calculate p(y).
-5
Let v(z) = -z**2 + 3*z - 2. Let k(d) = -d**2 + 8*d - 2. Let c be k(9). Let h(y) = y + 13. Let n be h(c). Give v(n).
0
Let t(f) = -f**3 - 5*f**2 - 4*f - 2. Let i(p) = -p + 3. Let n be i(3). Suppose n*w = -4*s - 2*w - 24, 4*s - 4 = 5*w. Calculate t(s).
-2
Let i(a) = 1. Let y(q) = -q - 5. Let p(l) = 6*i(l) + y(l). Suppose -10 = 2*k - 5*n + 4, -4*k - 2*n + 20 = 0. Calculate p(k).
-2
Let z(g) = -5*g**3 - 1. Let a(f) = f**2 - f - 5. Let s be a(3). Determine z(s).
-6
Let s(i) be the third derivative of -6*i**2 - 1/6*i**3 + 0*i + 1/24*i**4 + 0. Calculate s(3).
2
Let d(c) = 3*c**3 + 13*c**2 - 3*c - 5. Let p(o) = -4*o**3 - 19*o**2 + 4*o + 7. Let l(x) = 2*x + 7. Let v be l(-6). Let z(m) = v*p(m) - 7*d(m). Calculate z(4).
4
Let s(u) = 5*u**3 + u**2 + u + 1. Let l = 0 - 1. Suppose q - 5*q + 16 = 4*m, 5*m - 20 = 4*q. Let z = l - q. Calculate s(z).
-4
Let l(t) = -2*t + 1. Let s(c) = -5*c + 7. Let j(d) = -2*l(d) + s(d). Suppose -h = 3*g - 4*g - 9, 4*h + 5*g = 0. Calculate j(h).
0
Let d be 48/9*12/8. Let l = d + -6. Let u(j) = -5*j**2 - 6 + 0*j**l + 4*j**2 + 7*j. Calculate u(4).
6
Suppose 9 = -3*j, 0 = -3*d - 3*j + j - 18. Let z(b) = -b**2 - 5*b - 5. Determine z(d).
-1
Let i(d) = 4*d**2 - 4 + 6*d + 7 - 5*d**2. What is i(7)?
-4
Let g(f) be the second derivative of -f**4/12 + f**3 - 7*f**2/2 + 4*f. Give g(6).
-7
Let x(l) = 6*l**2 + 6*l + 7. Let c(y) = 5*y**2 + 5*y + 6. Let w(g) = 5*c(g) - 4*x(g). Suppose -2*d = -d. What is w(d)?
2
Let k(f) be the third derivative of -f**4/24 + 2*f**3/3 + 5*f**2. Suppose 2*c - 5 = -5*i - 1, -3*c = -5*i - 31. Give k(c).
-3
Let b(v) = 5*v**3 - 4*v**2 - v. Let k(i) = -11*i**3 + 9*i**2 + 2*i. Let n(u) = -7*b(u) - 3*k(u). What is n(-1)?
2
Let r(o) = -o**2. Let x(h) = 5*h**2 + 5*h + 4. Let b(i) = -6*r(i) - x(i). Suppose -g + 6 = -0*g. Give b(g).
2
Let j(t) be the first derivative of -t**2 - 5*t - 1. Let n be j(-5). Let l(q) = -q**3 + 4*q**2 + 6*q + 2. Determine l(n).
7
Let k(a) = -3*a - 5 - a + 1. Let h be (4/10)/(-3*(-5)/(-150)). Calculate k(h).
12
Let p be (-14 - -5)*(-6)/(-9). Let n(c) be the second derivative of -c**4/12 - 7*c**3/6 - 7*c**2/2 - 2*c. Calculate n(p).
-1
Suppose 13 = -4*i + 5. Let x(m) = 3*m + 3. Let q(f) = -21*f - 20. Let a(l) = -22*l - 21. Let g(b) = 5*a(b) - 6*q(b). Let k(o) = i*g(o) + 11*x(o). What is k(-5)?
-2
Let j = 289/6 + -48. Let t(s) be the second derivative of j*s**4 + 0 + 1/20*s**5 - 3*s + 1/2*s**2 - 1/2*s**3. Give t(-3).
1
Let p(c) = -2*c**2 + 2*c + 3. Let g(a) = -3 + 3*a + 5*a**2 - 3*a**2 + 0*a**3 - a**3. Let s be g(2). What is p(s)?
-9
Suppose -4*j = -3*h + 21, 0*j - 9 = -5*h - 2*j. Let y(i) = -5*i**2 - 8*i + 3. Let q = -3 + 5. Let d(t) = t**2 + 2*t - 1. Let a(x) = q*y(x) + 9*d(x). Give a(h).
-6
Let x(n) = 3*n - 25. Let f(s) = 2*s - 13. Let j(h) = 5*f(h) - 3*x(h). Calculate j(-7).
3
Let s be -7*1 + (-1)/(-1). Let x be (10/8)/(s/(-24)). Let k(h) = -h**3 + 4*h**2 + 4*h + 7. What is k(x)?
2
Let p(u) be the third derivative of -5*u**4/8 - u**3/6 + 35*u**2. What is p(-1)?
14
Suppose -6*t + 16*t - 20 = 0. Let h(b) = b**3 - 3*b**2 + 2*b. Give h(t).
0
Let x be ((-6)/(-4))/(2/24). Suppose -54 = -25*d + 22*d. Let j(p) = 2 - 5 + x*p**2 + p**3 - d*p**2 - p. Determine j(0).
-3
Suppose 0*c - 4*c + 28 = -5*g, -3*g - 10 = c. Let z(w) be the second derivative of -w**4/12 + w**3/6 + w**2 + 22*w. Give z(c).
0
Let m(n) = n + 2. Let h be 125/(-15) - (-2)/6. Let a(z) = -3*z - 6. Let q(v) = h*m(v) - 3*a(v). What is q(2)?
4
Let f be 1 + 2/2*-5. Let n(x) = -x**3 - 4*x**2 - 3*x - 6. Determine n(f).
6
Let q(h) = -h - 4. Let i(u) = -u - 2. Let n(d) = -13*i(d) + 6*q(d). Calculate n(-3).
-19
Let p(f) be the second derivative of -f**4/12 - 7*f**3/6 + f**2/2 + 2*f. Suppose -u = 2 + 3. Give p(u).
11
Let x(t) = -t**2 - t - 2. Suppose 0*d + 2*d - 12 = 0. Let o(v) = -v**3 + 5*v**2 + 6*v. Let c be o(6). Suppose c = -f + d*f. Determine x(f).
-2
Let k = 6 - 5. Let s(u) = u**3 + u + 1. Let j(g) = 5*g**3 + 8*g + 8. Let b(a) = k*j(a) - 6*s(a). Calculate b(-2).
6
Let w(g) = g + 2. Let b be (4/(-6))/(4/(-18)). Let q be 11/b + 4/12. Let m be q/(-16) + (-2)/(-8). Give w(m).
2
Suppose -z - 27 = 2*g + 4*z, -2*g = -3*z - 13. Let h(f) = 5*f. Let m(b) = -b**2 - 9*b. Let p(a) = -11*h(a) - 6*m(a). Calculate p(g).
7
Let w = -2 - -4. Let o(s) = -5*s + 4*s + 5*s - w*s. Let b = -7 - -3. What is o(b)?
-8
Let o be (-2 - -6)/(1/2). Let y(i) = -2*i**2 - i**2 - o + 21*i**3 - 8*i - 4*i**2 - 22*i**3. What is y(-6)?
4
Let l(o) = -7*o + 3. Let y(m) = -m. Let a(j) = j**2 - 6*j - 6. Let s be a(6). Let g = s + 1. Let t(u) = g*y(u) + l(u). What is t(3)?
-3
Let s(h) = -4*h**2 + 1 + 6*h**2 + 3*h**2 - 5 + h**3 + 3*h. Let d = 47 - 51. Calculate s(d).
0
Let d(m) = -m + 1. Suppose h - 6*h = 2*t - 35, 2*h = 2*t. Give d(h).